) + 6*p(m). Let c be k(-8). What are the prime factors of ((-354)/4)/(2 + c/4)?
3, 59
List the prime factors of 1046 - (-1 - (22 + -12)).
7, 151
Let k be (6 - 4)/1 + 2*1. Suppose -4*v - k*q + 645 = q, -483 = -3*v - 4*q. Suppose -v = -3*f + 129. List the prime factors of f.
2, 7
Suppose q = -4*q + 10. Let b(y) = 6 + 2 - 15 - 2*y + 11*y**q + 2. What are the prime factors of b(3)?
2, 11
Let h be (-651)/91 - (-5)/(130/4). Let b(s) = 36*s + 31. Let z be b(h). Let g = -137 - z. What are the prime factors of g?
2, 3, 7
Suppose 78502 = 13*v + 190. List the prime factors of v.
2, 3, 251
Let v(c) be the third derivative of 11*c**5/15 - 7*c**4/24 - 3*c**3/2 + 18*c**2 - 3. List the prime factors of v(-2).
181
Let l(x) = x**3 - 2*x**2 + x + 1. Let r(u) = -2*u**3 - 11*u**2 - 3*u + 7. Let q(o) = -4*l(o) - r(o). What are the prime factors of q(8)?
173
Let l(a) = -12*a + 24. Let s be l(2). Suppose 22*j + 6*j - 16128 = s. What are the prime factors of j?
2, 3
Suppose -2*r - 297 = -3*s - 2*s, 2*s + 4*r - 138 = 0. Suppose 5*c + 4*p - s = -175, -5*p = -c - 17. List the prime factors of (-4)/c - (-7605)/99.
7, 11
Let g(b) = -9*b - 9. Let t be g(-2). Suppose -t*c + 4539 = 237. List the prime factors of c.
2, 239
Let p be ((-152)/(-16))/(2/44). Let c = p - -22. What are the prime factors of c?
3, 7, 11
Let g = -70 + 70. Suppose g = -3*r + 446 + 790. What are the prime factors of r?
2, 103
Let w(c) = -34482*c**3 + 5*c**2 - 107*c - 111. What are the prime factors of w(-1)?
34483
Let t(u) = -u + 24. Let q be t(19). Suppose -230 = -q*m + 1725. Suppose 0 = -3*h + m - 142. List the prime factors of h.
83
Let p(q) = q**3 + 4*q**2 - 3*q + 17. Let z be p(-5). List the prime factors of (-9 + -2)*(z + -12).
5, 11
Suppose 5*p - 10*p + 20 = 0. Suppose 0 = -4*m + 3*b + 1724, -p*m + 341 = 3*b - 1407. What are the prime factors of 1/(-3) + m/6?
2, 3
List the prime factors of (-1 - 7344 - (-5 + 19))/(2/(-6)).
3, 11, 223
What are the prime factors of 15/(-60)*28 + 17886?
19, 941
Let z(d) = 52*d - 64. Let o be z(7). Suppose o = a - 61. List the prime factors of a.
19
Let m(r) = 2*r**2 + 15*r + 15. Suppose -z = -3*z + 8, -166 = 2*d - 5*z. Let b = d + 64. What are the prime factors of m(b)?
2, 3, 7
List the prime factors of -8 + (-3 - (-51)/15)*(139352 - 62).
2, 19, 733
Let l = 67 + -125. Let a = l - -443. List the prime factors of a.
5, 7, 11
Let n(b) be the second derivative of 62*b**3/3 + 23*b**2 + 3*b + 67. What are the prime factors of n(3)?
2, 11, 19
Suppose 45895 = 3*p - l, 2*p - 21893 = 5*l + 8695. List the prime factors of p.
15299
Let c(s) be the second derivative of -13*s**3/2 + 22*s**2 + 3*s. List the prime factors of c(-7).
317
Let v(i) = i**3 + 5*i**2 - 7*i + 1. Let k be v(-5). Let s = k + -118. What are the prime factors of (12 - s)*2/4?
47
Let a be ((416/(-6))/4)/((-1)/3). Suppose a*v - 434 = 45*v. List the prime factors of v.
2, 31
Suppose -102*s + 107*s = -5*h + 88145, -3*h + s = -52911. List the prime factors of h.
5, 3527
Suppose 0 = -2*m - 0*m - 6. Let x(i) = i**2 + 3*i + 3. Let w be x(m). List the prime factors of w/7 - (-1 - (-676)/(-7)).
2, 7
Suppose -21 = -3*a + 3*l, -2*a + 9 = 3*l - 15. Let t(i) = 8*i**2 - 18*i - 9. List the prime factors of t(a).
3, 53
Suppose -29*c - 71 = 45. List the prime factors of (-506220)/(-819) + c/42.
2, 3, 103
Suppose -3*q = c - 10789, q - 26*c = -31*c + 3615. What are the prime factors of q?
5, 719
List the prime factors of (-12819)/(-3) + -107 + 91.
3, 11, 43
Suppose 5*o - 12*f + 11*f = 30, 0 = 5*o - 2*f - 35. Suppose 0 = -o*h - 7*y + 6*y + 3800, -3775 = -5*h + 4*y. What are the prime factors of h?
3, 11, 23
Let s be 18/(-3*3/(-6)). Suppose 3*z - 2*z - 3*f = 79, s = 4*f. Let o = z + 86. List the prime factors of o.
2, 3, 29
Suppose 2*f + 51 + 51 = 0. Let h = f + 54. Suppose 0 = -n + h*n + 3*q - 164, -5*q - 10 = 0. List the prime factors of n.
5, 17
Let n(z) = 136*z**2 - 564*z - 5. List the prime factors of n(-14).
179, 193
Suppose 182*j - 178*j + 296 = 0. Let b = j + 207. List the prime factors of b.
7, 19
Let l(k) = k**3 + 7*k**2 + 8*k + 9. Let s be l(-6). Let w(j) = 2*j**2 + 2*j - 3. Let c be w(s). Suppose d = 41 + c. What are the prime factors of d?
2, 5
Let b(h) = h**3 - 30*h**2 - 722. What are the prime factors of b(39)?
12967
Suppose -5*d + 3*m = 12528, 2*d - 2*m + 5028 = -5*m. Let q = -1773 - d. What are the prime factors of q?
3, 5, 7
Let x be 0*(-4)/32*-4. Let d be 8/2 + -1 - -4. Suppose x = 4*o + 4*g - 76, 5*o - 4*g - 91 = -d*g. What are the prime factors of o?
17
Suppose -724*a = -752*a + 101640. What are the prime factors of a?
2, 3, 5, 11
Suppose -23*g + 22*g = -5*s - 710, -g + 742 = 3*s. What are the prime factors of g?
2, 5, 73
Let v(q) = 148*q**2 - 85*q - 660. List the prime factors of v(-10).
2, 5, 1499
Let y = -231 + -89. Let m be (7/14)/((-2)/y). What are the prime factors of ((-56)/10)/(236/m - 3)?
2, 7
Suppose 4094224 + 3058382 = 314*j. List the prime factors of j.
3, 2531
Suppose -3*f - 3*t - 587 = -629, t + 50 = 3*f. Let d(i) be the first derivative of i**3/3 - 15*i**2/2 + 10*i + 1. What are the prime factors of d(f)?
2, 13
What are the prime factors of (3016579/292)/(4/16)?
31, 43
Suppose 5*q - 3*l + 1722 = 14614, -2*q = -5*l - 5153. Suppose 905 = -6*h + q. What are the prime factors of h?
3, 31
What are the prime factors of ((-9134)/3)/(6*3/(-54))?
2, 4567
Let z(r) = 7*r - 2. Let j(i) = -i**2 - 27*i - 8. Let y(c) = -j(c) - 4*z(c). Suppose o + 2 = -3. List the prime factors of y(o).
2, 23
Suppose 0 = 5*z - 20, 233 + 86 = -5*f + z. Let g = f + 67. Suppose 0 = b - 2*j - 69, g*j - 5*j = 0. What are the prime factors of b?
3, 23
List the prime factors of 1 + -17 + 110992/14.
2, 23, 43
Suppose 4*u = -4*o + 2*u + 2166, o = u + 540. Let v = o + -369. Let p = v - 108. List the prime factors of p.
2
Let c = 24 + -22. Let d(v) = 6*v - 9. List the prime factors of d(c).
3
Suppose -3*r + 2*y - 819 + 80425 = 0, 5*r - 2*y - 132682 = 0. List the prime factors of r.
2, 3, 4423
Let m be 0*(0 - 8/(-16)). Suppose -4*k + 1297 = 5*x, m = -x - 2*x + 5*k + 756. List the prime factors of x.
257
Suppose 0 = d + 2*n - 5827, -4*d - 3646 + 26894 = -4*n. What are the prime factors of d?
3, 7, 277
Suppose a + 4*a = 275. Suppose 9*y - 12*y = -4*c - 197, -y = -3*c - 149. Let q = c + a. What are the prime factors of q?
5
Let h(c) be the second derivative of -c**4/12 - 4*c**3/3 - 3*c**2/2 + c. Let u be h(-7). Let f(y) = y**3 - 5*y**2 + 8*y - 6. What are the prime factors of f(u)?
2, 5
Let p(s) = 13*s**2 + s - 1. Suppose -26 - 38 = b. Let q = b + 66. List the prime factors of p(q).
53
Let a = 1736 + -1671. Suppose 2*j = 7*j - 390. Let m = j - a. List the prime factors of m.
13
Let m = -679 - -711. Suppose 11592 = m*l - 23*l. List the prime factors of l.
2, 7, 23
What are the prime factors of ((-6)/(-33) + 761330/(-110))*-1?
3, 769
Let r = -800 - -817. Let p(d) be the second derivative of 3*d**3/2 + 2*d**2 + d. What are the prime factors of p(r)?
157
Suppose -8*y - 6710 = -4*y + 5*z, -3354 = 2*y + 3*z. What are the prime factors of 10*16/y + 63466/42?
1511
Let f(r) = 5*r**3 + 8*r + 9. Let j be f(6). Let u = j + -504. What are the prime factors of u?
3, 211
Let n = 1820 - 305. What are the prime factors of n?
3, 5, 101
Let u(z) = z**2 + 351. Let r = -44 + 44. Let x be u(r). Suppose 3*o = -2*q + 6*q - x, 4*q - o = 349. What are the prime factors of q?
3, 29
Let a(n) = 3*n**2 + 21*n + 47. Suppose 109 = -6*u + 19. List the prime factors of a(u).
11, 37
Let y = -17 - -9. List the prime factors of 350/2 + y + 4.
3, 19
Suppose -v + 9020 = 6*h - h, 18026 = 2*v + 3*h. What are the prime factors of v?
2, 5, 17, 53
Let c = 123 - 125. Let f be c/(-2) - (5/(-5) - 6). Suppose f*m = 2*m + 864. What are the prime factors of m?
2, 3
Suppose 0 = 4*y + 2*p - 292, p - 1 = 3. Let a = y - 53. List the prime factors of (-7872)/(-54) - (-4)/a.
2, 73
Let r = 237 - 233. List the prime factors of 2818/r - 9/(-18).
3, 5, 47
Suppose 56*o - 288994 - 547436 = -251342. What are the prime factors of o?
2, 653
Suppose 5*l = 15, -6*r + 4*r = 2*l - 8. Let i be r*((-46)/(-2) + 2). What are the prime factors of 81 - 5/(i/20)?
7, 11
Suppose -3*y + 1339 = -2279. List the prime factors of y.
2, 3, 67
Suppose -3*p + 4*c - 8 = 0, 3*c - 18 = -2*p - 29. Let z(g) = 16*g**2 - 25*g - 97